ommon factor of p and q?
7
Let j = 149 - -47. Suppose j = 3*n + 4*g, -10*g + 8*g = -2. Calculate the highest common divisor of 48 and n.
16
Let i(l) = 598*l**3 + 2*l**2 - 14*l + 9. Let j be i(2). What is the highest common divisor of j and 222?
111
Let n = -19962 + 21102. Calculate the highest common factor of 1482 and n.
114
Let w = 268 - -92. Suppose -5*c + 29 = f, 458*c = 461*c - 12. Calculate the highest common divisor of f and w.
9
Let r = -296 + 206. Let t = r - -86. Let v be t + (7 - -1) - (3 + -44). Calculate the greatest common divisor of 18 and v.
9
Suppose -4 = 73*o - 72*o. Let j be 750/24 + 1/o. What is the greatest common divisor of j and 341?
31
Let h = -506 - -671. Suppose -h = -3*d + 5*n, -2*n - 2 = 4. Calculate the greatest common divisor of d and 775.
25
Let s(g) = g**2 + 20*g + 132. Let j be s(-10). Suppose -5*b + j = p, 25*p = 24*p + 3*b. What is the highest common factor of 21 and p?
3
Let y(t) be the first derivative of 4*t**3/3 - 8*t**2 - 2*t + 7. Let w be y(8). Calculate the greatest common factor of w and 14.
14
Let t(n) = -n**3 - 11*n**2 + 16*n - 15. Let g be t(-12). Let f = -55 - g. Let u = 31 - -9. What is the highest common divisor of u and f?
8
Let z = 11 - 11. Suppose 5*i - 230 = -z*i. Suppose 39*g - 37*g = i. What is the highest common divisor of g and 207?
23
Let u be (-14)/18 + (-4)/18 + 646. Let h = u - 531. Calculate the greatest common factor of 12 and h.
6
Let b(f) = -3*f**3 - 3*f**2 - 20*f - 105. Let p be b(-5). What is the greatest common factor of p and 25?
5
Suppose -6 = 3*s, -7*m - 9492 = -11*m - 4*s. Calculate the greatest common factor of 25 and m.
25
Suppose -763*x + 49961 = -1923. Let v(a) = -a**3 + 4*a**2 + 6*a + 3. Let u be v(5). What is the highest common factor of x and u?
4
Let v = 147808 - 147593. Let u be (-10)/3*(-3)/2. Calculate the highest common factor of u and v.
5
Let n be 2/4*-22*(-69)/23. What is the highest common factor of 737 and n?
11
Let p = -2603 - -2491. Let q be ((-45)/20)/(21/p). Let k be (-716)/(-6) + 4/6. What is the greatest common divisor of q and k?
12
Suppose 0 = -5*v - w + 7977, -3*v + 445 = 5*w - 4350. What is the greatest common divisor of 15 and v?
5
Suppose -38*g + 44*g = 96. Suppose -12*b = -g*b - 48. Let u = 19 - b. What is the highest common factor of u and 93?
31
Suppose 4*y + 39*y = y + 1932. What is the greatest common divisor of 1380 and y?
46
Suppose -108*b + 200161 + 263527 = -202024. What is the greatest common divisor of b and 92?
92
Let a = -238 - -454. Suppose y + 0*m = 2*m + 8, -5*m = -4*y + 47. What is the highest common divisor of y and a?
18
Suppose 0 = -c - 0*c + 2. Let s(k) = -4*k**2 - 4*k + 2*k**2 + 5*k**2 - 4*k**2 + c*k**3. Let z be s(2). What is the greatest common factor of 3 and z?
1
Suppose 2 = 3*w - 7, -c + 1016 = 4*w. Suppose -17*f + 560 + c = 0. Calculate the greatest common factor of 4 and f.
4
Let x be 2*(-7 - -6) + (4 - -398). What is the greatest common factor of 2075 and x?
25
Suppose -326*l + 102 = -324*l. Let b = -255 + 663. Calculate the greatest common divisor of b and l.
51
Let r(z) = 135*z + 1648. Let g be r(-12). Calculate the greatest common factor of g and 5502.
14
Suppose 4*r = 129 + 131. Let t = r + -30. Suppose -9 = -2*k + t. What is the highest common factor of 22 and k?
22
Let i be (6/27 + 52/9)/2. Suppose -i*w = -577 + 169. What is the highest common divisor of w and 8?
8
Suppose 3*v + 84 = 9*v. Suppose 6*u - 6 = 18. Suppose u*m - 8*m = -168. What is the highest common divisor of v and m?
14
Suppose -18*f = 17*f - 2380. Suppose -d - 10 = 4*s, 7*d - 25 = 2*d - 5*s. What is the greatest common factor of f and d?
2
Let f = -85 - -77. Let g be f/((-32)/(-12)) + (-1 - -4). Let o(l) = l**2 + 1. Let u be o(g). What is the greatest common factor of 5 and u?
1
Suppose -5*c + 5109 = -3*w, 4*c = 3*w + 4856 - 767. Calculate the highest common divisor of 15 and c.
15
Suppose 48*r - 53*r + 15 = 0. Suppose -r*n = -4*k + 5 + 1, -5*k + 25 = 5*n. Suppose 0 = n*y + 7*y - 18. What is the highest common divisor of 26 and y?
2
Let l = 38609 - 31377. Calculate the greatest common divisor of 64 and l.
64
Let a be (-42)/(-28)*(462/9)/1. What is the greatest common divisor of a and 483?
7
Suppose -4*n + 20*f = 15*f - 318, -n = 3*f - 54. What is the greatest common divisor of n and 1704?
24
Suppose 58*d + 150 = 63*d. Let p be (-5)/5*d/(-2). Let w = -67 - -112. What is the greatest common divisor of p and w?
15
Let b(r) = -28*r**3 - 7*r**2 - 21*r + 2. Let u be b(-2). What is the highest common factor of 168 and u?
24
Suppose 2*b + j - 70 - 791 = 0, 5*b = -5*j + 2145. Calculate the greatest common factor of 1116 and b.
36
Let f(y) = -121*y - 190. Let d(x) = 7*x. Let u(s) = -6*d(s) + f(s). Let m be u(-3). What is the highest common factor of 46 and m?
23
Let r = 1732 + -1664. Calculate the highest common factor of 629 and r.
17
Let i = -550 + 705. What is the greatest common divisor of 620 and i?
155
Suppose -3*y + 3 + 3 = -p, 3*p = 0. Let h be ((-4)/6)/(9/((-405)/y)). What is the highest common factor of h and 60?
15
Let s be 47 - 0*(-20)/(-60). Calculate the greatest common divisor of 12361 and s.
47
Suppose 0 = -k + 3*k - 1670. Suppose -k = -4*b - 291. Let g be 1*((-28)/28)/((-2)/16). Calculate the greatest common divisor of g and b.
8
Suppose -s = 5*o - 96, -s + 5*s - 3*o = 384. Suppose -94*h - 70 = -s*h. What is the highest common divisor of h and 945?
35
Let z = 15 - 21. Let j be 300/z*(-2)/5. Let s be (183/45 - 4) + 238/30. What is the greatest common divisor of j and s?
4
Suppose -32*k - 140*k + 937061 = -23*k. Calculate the greatest common factor of k and 19.
19
Let m = -1291 + 740. Let l = m + 1031. Calculate the highest common divisor of l and 30.
30
Let r(z) = 11*z**3 - 4*z**2 + 10*z - 9. Let i be r(3). Suppose 7*a = 208 + i. What is the greatest common factor of a and 20?
10
Let t be (3 + 16)*39 + -4 + -1. Calculate the highest common divisor of 288 and t.
32
Suppose 258*z - 28986 = 170490 + 37110. Calculate the greatest common factor of 7 and z.
7
Let t = 177 + -157. Suppose c + c = -3*k + 1370, -2*k + 2*c = -930. Calculate the highest common factor of t and k.
20
Let r = 30 - 26. Suppose 8 = 2*x - r*x, 5*q + x = 41. Suppose 0*p - 126 = -q*p. Calculate the highest common factor of 2 and p.
2
Suppose 0 = q + 51 - 210. Suppose 0 = -5*l + m - 404, 2*l - 3*m = -0*m - q. Let b be (l/5)/((-17)/85). Calculate the highest common factor of 9 and b.
9
Let r = -5 + 41. Suppose 9 = 3*v - 0, 2*v - 3 = d. Let f be (-1)/d - (-2165)/15. Calculate the greatest common factor of r and f.
36
Let y(g) = g**3 - 22*g**2 + 8*g - 152. Let q be y(22). Calculate the highest common divisor of 768 and q.
24
Let o = -6675 - -8188. What is the greatest common divisor of o and 712?
89
Let j be 26994/36 - (-35)/(-42). Calculate the greatest common factor of 7 and j.
7
Suppose 2*y = -5*u + 8, 5*y - 7 = u + 13. Let d = y - 8. Let m be 1 + 7 - (d - -3). What is the highest common divisor of m and 18?
9
Suppose -13*x + 4436 = 1422 - 3070. Calculate the greatest common divisor of x and 897.
39
Let s(z) = z**2 + 32*z + 29. Let i be s(-31). Let n be 3/21*7/i*-242. What is the greatest common factor of 44 and n?
11
Suppose -26*m + 108 = -8*m. Suppose f = m*f - 120. What is the greatest common divisor of 312 and f?
24
Let a be ((-105)/(-49) - 3)/(4/(-28)). Let i be 10/(4/4*2). Suppose -i*o = -a*o + 176. What is the highest common factor of 16 and o?
16
Suppose 3*r + 9 = 0, 0 = -9*o + 12*o + 5*r - 4209. Calculate the highest common divisor of 132 and o.
44
Let q(j) = -6*j + 1066. Let w be q(27). Calculate the greatest common factor of 16 and w.
8
Suppose -10*i + 8*i = -930. Suppose -5*y - i = 425. Let n = y - -298. What is the highest common divisor of 20 and n?
20
Let w = -179 - 74. Let d = w + 309. What is the greatest common factor of d and 8?
8
Suppose 41 - 111 = -5*j. Let w(y) = y**3 - 35*y**2 + 35*y - 16. Let z be w(34). Suppose -60 = j*g - z*g. Calculate the highest common factor of 60 and g.
15
Let d(o) = 21334*o**3 - 7*o**2 + 15*o - 9. Let g be d(1). What is the highest common divisor of 39 and g?
39
Suppose 0*t - 86 = -3*t + 5*k, -4*t = -5*k - 113. Let f be (-31)/((-248)/6252) + ((-4)/(-8) - -1). Calculate the greatest common divisor of t and f.
27
Let m be (